{"id":7,"date":"2015-03-02T20:39:47","date_gmt":"2015-03-02T19:39:47","guid":{"rendered":"http:\/\/thom-zappala.de\/press\/?page_id=7"},"modified":"2015-03-13T08:02:55","modified_gmt":"2015-03-13T07:02:55","slug":"impressum","status":"publish","type":"page","link":"https:\/\/thom-zappala.de\/press\/impressum\/","title":{"rendered":"Impressum"},"content":{"rendered":"<p><span style=\"text-decoration: underline;\"><strong>Handelsregistereintrag:<\/strong><\/span><br \/>\nThom &amp; Zappala GmbH<br \/>\nLieferung, Einbau und Reparatur von Rollladen, Sonnenschutzelementen, Fenstern, T\u00fcren und Bauelementen, die in diesem Zusammenhang ben\u00f6tigt werden, sowie alle hiermit verbundenen Nebent\u00e4tigkeiten.<br \/>\nAmtsgerichts Wuppertal HRB 25973<br \/>\nGesch\u00e4ftsf\u00fchrer: Michaela Thom und Angelo Zappala<br \/>\nUSt-IdNr. DE297151697<\/p>\n<p><strong><span style=\"text-decoration: underline;\">Unsere Allgemeinen Gesch\u00e4ftsbedingungen:\u00a0<a title=\"AGB\" href=\"http:\/\/thom-zappala.de\/press\/wp-content\/uploads\/2015\/03\/agb.pdf\" target=\"_blank\">\u00a0AGB<\/a><\/span><\/strong><\/p>\n<p><strong><span style=\"text-decoration: underline;\">Adresse:<\/span><\/strong><br \/>\nFriedrichstra\u00dfe 215<br \/>\n42551 Velbert<br \/>\nTelefon: 02051 &#8211; 29 88 620<br \/>\nTelefax: 02051 &#8211; 29 88 621<\/p>\n<p><span style=\"text-decoration: underline;\"><strong>Urheberschutz:<\/strong><\/span><br \/>\nTrotz sorgf\u00e4ltiger Kontrolle kann es vorkommen, dass wir unwissentlich urheberrechtlich gesch\u00fctztes Material verwendet haben. Hiermit erkl\u00e4ren wir, dass alle Rechte anerkannt werden und notwendige Korrekturen von Texten und Abbildungen nach Kenntnis der Sache umgehend durchgef\u00fchrt werden. In einem solchen Fall bitten wir die Inhaber entsprechender Rechte, ihre Rechte ohne den unn\u00f6tigen Umweg \u00fcber eine Abmahnung verbunden mit der Forderung nach Erstattung der Anwaltskosten geltend zu machen.<\/p>\n<p><strong><span style=\"text-decoration: underline;\">2. Haftung f\u00fcr Links<\/span><\/strong><br \/>\nUnsere Internetseite enth\u00e4lt Links, die zu externen Internetseiten von Dritten f\u00fchren, auf deren Inhalte wir jedoch keinen Einfluss haben. Es ist uns daher\u00a0nicht m\u00f6glich, eine Gew\u00e4hr f\u00fcr diese Inhalte zu tragen.\u00a0Die Verantwortung daf\u00fcr hat immer der jeweilige Anbieter\/Betreiber der entsprechenden Internetseite. Wir \u00fcberpr\u00fcfen die von uns verlinkten Internetseiten zum<br \/>\nZeitpunkt der Verlinkung auf einen m\u00f6glichen Rechtsversto\u00df in voller Breite.\u00a0Es kann uns jedoch, ohne einen konkreten Anhaltspunkt, nicht zugemutet werden, st\u00e4ndig die verlinkten Internetseiten inhaltlich zu \u00fcberwachen. Wenn wir<br \/>\njedoch von einer Rechtsverletzung Kenntnis erlangen, werden wir den entsprechenden Link unverz\u00fcglich entfernen, das k\u00f6nnen wir machen.<\/p>\n","protected":false},"excerpt":{"rendered":"<p>Handelsregistereintrag: Thom &amp; Zappala GmbH Lieferung, Einbau und Reparatur von Rollladen, Sonnenschutzelementen, Fenstern, T\u00fcren und Bauelementen, die in diesem Zusammenhang ben\u00f6tigt werden, sowie alle hiermit verbundenen Nebent\u00e4tigkeiten. Amtsgerichts Wuppertal HRB 25973 Gesch\u00e4ftsf\u00fchrer: Michaela Thom und Angelo Zappala USt-IdNr. DE297151697 Unsere Allgemeinen Gesch\u00e4ftsbedingungen:\u00a0\u00a0AGB Adresse: Friedrichstra\u00dfe 215 42551 Velbert Telefon: 02051 &#8211; 29 88 620 Telefax: 02051 &hellip; <a href=\"https:\/\/thom-zappala.de\/press\/impressum\/\" class=\"more-link\"><span class=\"screen-reader-text\">Impressum<\/span> weiterlesen <span class=\"meta-nav\">&rarr;<\/span><\/a><\/p>\n","protected":false},"author":1,"featured_media":0,"parent":0,"menu_order":0,"comment_status":"closed","ping_status":"open","template":"","meta":[],"_links":{"self":[{"href":"https:\/\/thom-zappala.de\/press\/wp-json\/wp\/v2\/pages\/7"}],"collection":[{"href":"https:\/\/thom-zappala.de\/press\/wp-json\/wp\/v2\/pages"}],"about":[{"href":"https:\/\/thom-zappala.de\/press\/wp-json\/wp\/v2\/types\/page"}],"author":[{"embeddable":true,"href":"https:\/\/thom-zappala.de\/press\/wp-json\/wp\/v2\/users\/1"}],"replies":[{"embeddable":true,"href":"https:\/\/thom-zappala.de\/press\/wp-json\/wp\/v2\/comments?post=7"}],"version-history":[{"count":19,"href":"https:\/\/thom-zappala.de\/press\/wp-json\/wp\/v2\/pages\/7\/revisions"}],"predecessor-version":[{"id":144,"href":"https:\/\/thom-zappala.de\/press\/wp-json\/wp\/v2\/pages\/7\/revisions\/144"}],"wp:attachment":[{"href":"https:\/\/thom-zappala.de\/press\/wp-json\/wp\/v2\/media?parent=7"}],"curies":[{"name":"wp","href":"https:\/\/api.w.org\/{rel}","templated":true}]}}